{"id":4875,"date":"2019-10-17T15:16:03","date_gmt":"2019-10-17T15:16:03","guid":{"rendered":"https:\/\/www.fceqyn.unam.edu.ar\/mti\/?page_id=4875"},"modified":"2025-03-07T15:39:10","modified_gmt":"2025-03-07T15:39:10","slug":"normativas","status":"publish","type":"page","link":"https:\/\/www.fceqyn.unam.edu.ar\/mti\/?page_id=4875","title":{"rendered":"Normativas"},"content":{"rendered":"\n<ul><li><a rel=\"noreferrer noopener\" href=\"https:\/\/www.fceqyn.unam.edu.ar\/mti\/wp-content\/uploads\/Res_CD_266-2021-Nuevo_plan_de_estudio_MTI.pdf\" data-type=\"URL\" data-id=\"https:\/\/www.fceqyn.unam.edu.ar\/mti\/wp-content\/uploads\/Res_CD_266-2021-Nuevo_plan_de_estudio_MTI.pdf\" target=\"_blank\">Plan de Estudios de la\u00a0Maestr\u00eda en Tecnolog\u00edas de la Informaci\u00f3n (Res_CD_266-2021)<\/a><\/li><li><a rel=\"noreferrer noopener\" href=\"\/mti\/wp-content\/uploads\/Formato_TFM_MTI_2018.pdf\" target=\"_blank\">Formato Trabajo Final Maestr\u00eda<\/a><\/li><li><a href=\"\/mti\/wp-content\/uploads\/RSPU_341-2022.pdf\">Reconocimiento oficial y validez nacional para el t\u00edtulo de MAG\u00cdSTER EN TECNOLOG\u00cdAS DE LA INFORMACI\u00d3N (RSPU 341-2022)  <\/a><\/li><li><a href=\"\/mti\/wp-content\/uploads\/RSPU_341-2022_ANEXO.pdf\">RSPU N\u00b0 341-2022 ANEXO)<\/a><\/li><li><a href=\"https:\/\/www.fceqyn.unam.edu.ar\/mti\/wp-content\/uploads\/Res-CS_131-21-Nuevo-Plan-de-Estudios-Estructura-Cuerpo-Docente-y-Reglamento-Especializacion-en-Tec-de-la-Inf_compressed.pdf\" data-type=\"URL\" data-id=\"https:\/\/www.fceqyn.unam.edu.ar\/mti\/wp-content\/uploads\/Res-CS_131-21-Nuevo-Plan-de-Estudios-Estructura-Cuerpo-Docente-y-Reglamento-Especializacion-en-Tec-de-la-Inf_compressed.pdf\">Plan de Estudios Especializaci\u00f3n en Tecnolog\u00edas de la Informaci\u00f3n (Res_CD_131\/21)<\/a><\/li><\/ul>\n\n\n\n<p><\/p>\n","protected":false},"excerpt":{"rendered":"<p>Plan de Estudios de la\u00a0Maestr\u00eda en Tecnolog\u00edas de la Informaci\u00f3n (Res_CD_266-2021) Formato Trabajo Final Maestr\u00eda Reconocimiento oficial y validez nacional\u2026<\/p>\n<p> <a class=\"continue-reading-link\" href=\"https:\/\/www.fceqyn.unam.edu.ar\/mti\/?page_id=4875\"><span>Leer M\u00e1s<\/span><i class=\"icon-right-dir\"><\/i><\/a><\/p>\n","protected":false},"author":1,"featured_media":0,"parent":0,"menu_order":0,"comment_status":"closed","ping_status":"closed","template":"","meta":[],"_links":{"self":[{"href":"https:\/\/www.fceqyn.unam.edu.ar\/mti\/index.php?rest_route=\/wp\/v2\/pages\/4875"}],"collection":[{"href":"https:\/\/www.fceqyn.unam.edu.ar\/mti\/index.php?rest_route=\/wp\/v2\/pages"}],"about":[{"href":"https:\/\/www.fceqyn.unam.edu.ar\/mti\/index.php?rest_route=\/wp\/v2\/types\/page"}],"author":[{"embeddable":true,"href":"https:\/\/www.fceqyn.unam.edu.ar\/mti\/index.php?rest_route=\/wp\/v2\/users\/1"}],"replies":[{"embeddable":true,"href":"https:\/\/www.fceqyn.unam.edu.ar\/mti\/index.php?rest_route=%2Fwp%2Fv2%2Fcomments&post=4875"}],"version-history":[{"count":12,"href":"https:\/\/www.fceqyn.unam.edu.ar\/mti\/index.php?rest_route=\/wp\/v2\/pages\/4875\/revisions"}],"predecessor-version":[{"id":5222,"href":"https:\/\/www.fceqyn.unam.edu.ar\/mti\/index.php?rest_route=\/wp\/v2\/pages\/4875\/revisions\/5222"}],"wp:attachment":[{"href":"https:\/\/www.fceqyn.unam.edu.ar\/mti\/index.php?rest_route=%2Fwp%2Fv2%2Fmedia&parent=4875"}],"curies":[{"name":"wp","href":"https:\/\/api.w.org\/{rel}","templated":true}]}}

<ul><li><a rel="noreferrer noopener" href="https://www.fceqyn.unam.edu.ar/mti/wp-content/uploads/Res_CD_266-2021-Nuevo_plan_de_estudio_MTI.pdf" data-type="URL" data-id="https://www.fceqyn.unam.edu.ar/mti/wp-content/uploads/Res_CD_266-2021-Nuevo_plan_de_estudio_MTI.pdf" target="_blank">Plan de Estudios de la Maestría en Tecnologías de la Información (Res_CD_266-2021)</a></li><li><a rel="noreferrer noopener" href="/mti/wp-content/uploads/Formato_TFM_MTI_2018.pdf" target="_blank">Formato Trabajo Final Maestría</a></li><li><a href="/mti/wp-content/uploads/RSPU_341-2022.pdf">Reconocimiento oficial y validez nacional para el título de MAGÍSTER EN TECNOLOGÍAS DE LA INFORMACIÓN (RSPU 341-2022)  </a></li><li><a href="/mti/wp-content/uploads/RSPU_341-2022_ANEXO.pdf">RSPU N° 341-2022 ANEXO)</a></li><li><a href="https://www.fceqyn.unam.edu.ar/mti/wp-content/uploads/Res-CS_131-21-Nuevo-Plan-de-Estudios-Estructura-Cuerpo-Docente-y-Reglamento-Especializacion-en-Tec-de-la-Inf_compressed.pdf" data-type="URL" data-id="https://www.fceqyn.unam.edu.ar/mti/wp-content/uploads/Res-CS_131-21-Nuevo-Plan-de-Estudios-Estructura-Cuerpo-Docente-y-Reglamento-Especializacion-en-Tec-de-la-Inf_compressed.pdf">Plan de Estudios Especialización en Tecnologías de la Información (Res_CD_131/21)</a></li></ul>



<p></p>

<p>Plan de Estudios de la Maestría en Tecnologías de la Información (Res_CD_266-2021) Formato Trabajo Final Maestría Reconocimiento oficial y validez nacional…</p>
<p> <a class="continue-reading-link" href="https://www.fceqyn.unam.edu.ar/mti/?page_id=4875"><span>Leer Más</span><i class="icon-right-dir"></i></a></p>
