{"id":4848,"date":"2019-10-17T14:19:29","date_gmt":"2019-10-17T14:19:29","guid":{"rendered":"https:\/\/www.fceqyn.unam.edu.ar\/mti\/?page_id=4848"},"modified":"2022-03-29T11:45:48","modified_gmt":"2022-03-29T11:45:48","slug":"principal","status":"publish","type":"page","link":"https:\/\/www.fceqyn.unam.edu.ar\/mti\/","title":{"rendered":"Maestr\u00eda en Tecnolog\u00eda de la Informaci\u00f3n"},"content":{"rendered":"\n<div class=\"alignnormal\"><div id=\"metaslider-id-4942\" style=\"width: 100%;\" class=\"ml-slider-3-27-2 metaslider metaslider-flex metaslider-4942 ml-slider\">\n    <div id=\"metaslider_container_4942\">\n        <div id=\"metaslider_4942\">\n            <ul aria-live=\"polite\" class=\"slides\">\n                <li style=\"display: block; width: 100%;\" class=\"slide-4945 ms-image\"><img src=\"https:\/\/www.fceqyn.unam.edu.ar\/mti\/wp-content\/uploads\/banner-1280x150.png\" height=\"150\" width=\"1280\" alt=\"\" class=\"slider-4942 slide-4945\" title=\"banner\" \/><\/li>\n            <\/ul>\n        <\/div>\n        \n    <\/div>\n<\/div><\/div>\n\n\n\n<p>La <strong>Maestr\u00eda en Tecnolog\u00edas de la Informaci\u00f3n<\/strong>&nbsp;fue\n aprobada en el a\u00f1o 2014&nbsp;por Resoluci\u00f3n N\u00ba 378-14 del Consejo Directivo \nde la FCEQyN y por Resoluci\u00f3n N\u00ba 106-14 del Consejo Superior de la \nUniversidad Nacional de Misiones.<\/p>\n\n\n\n<p>La CONEAU ha otorgado el reconocimiento \noficial provisorio del t\u00edtulo a la Maestr\u00eda en Tecnolog\u00edas de la \nInformaci\u00f3n de la Facultad de Ciencias Exactas, Qu\u00edmicas y Naturales &#8211; \nUNaM y Facultad de Ciencias Exactas y Naturales y Agrimensura &#8211; UNNE, \nproyecto de carrera N\u00ba 11.650\/14, mediante dictamen del d\u00eda 14 de \nDiciembre de 2015 durante su Sesi\u00f3n N\u00ba 434, en el marco de lo \nestablecido por la Ord. N\u00ba 56 de la CONEAU.<\/p>\n\n\n\n<p>La <strong>Maestr\u00eda en Tecnolog\u00edas de la Informaci\u00f3n<\/strong>\n es una carrera de tipo interinstitucional conveniada con un \u00fanico \nproceso formativo entre la Universidad Nacional del Nordeste (UNNE) y la\n Universidad Nacional de Misiones (UNAM), implementada en sus unidades \nacad\u00e9micas que ofrecen la formaci\u00f3n de grado en Inform\u00e1tica: Facultad de\n Ciencias Exactas y Naturales y Agrimensura (FaCENA) de la UNNE y \nFacultad de Ciencias Exactas, Qu\u00edmicas y Naturales (FCEQyN) de la UNAM.<\/p>\n\n\n\n<p>El objetivo principal de esta carrera de  posgrado es formar recursos humanos de alto nivel acad\u00e9mico con amplia  capacidad anal\u00edtica y s\u00f3lidos conocimientos en aspectos te\u00f3ricos y  aplicados en cuanto a la adopci\u00f3n, uso y gesti\u00f3n de Tecnolog\u00edas de  Informaci\u00f3n y Comunicaci\u00f3n (TIC), teniendo especialmente en cuenta el  medio socioproductivo regional.<\/p>\n\n\n\n<p><\/p>\n\n\n\n<p><\/p>\n\n\n\n<p>Contacto: <a href=\"mailto:mti.fceqyn@gmail.com\">mti.fceqyn@gmail.com<\/a>  &#8211;  <a href=\"mailto:mti@fceqyn.unam.edu.ar\">mti@fceqyn.unam.edu.ar<\/a><\/p>\n","protected":false},"excerpt":{"rendered":"<p>La Maestr\u00eda en Tecnolog\u00edas de la Informaci\u00f3n&nbsp;fue aprobada en el a\u00f1o 2014&nbsp;por Resoluci\u00f3n N\u00ba 378-14 del Consejo Directivo de la\u2026<\/p>\n<p> <a class=\"continue-reading-link\" href=\"https:\/\/www.fceqyn.unam.edu.ar\/mti\/\"><span>Leer M\u00e1s<\/span><i class=\"icon-right-dir\"><\/i><\/a><\/p>\n","protected":false},"author":1,"featured_media":0,"parent":0,"menu_order":0,"comment_status":"closed","ping_status":"closed","template":"templates\/template-twocolumns-left.php","meta":[],"_links":{"self":[{"href":"https:\/\/www.fceqyn.unam.edu.ar\/mti\/index.php?rest_route=\/wp\/v2\/pages\/4848"}],"collection":[{"href":"https:\/\/www.fceqyn.unam.edu.ar\/mti\/index.php?rest_route=\/wp\/v2\/pages"}],"about":[{"href":"https:\/\/www.fceqyn.unam.edu.ar\/mti\/index.php?rest_route=\/wp\/v2\/types\/page"}],"author":[{"embeddable":true,"href":"https:\/\/www.fceqyn.unam.edu.ar\/mti\/index.php?rest_route=\/wp\/v2\/users\/1"}],"replies":[{"embeddable":true,"href":"https:\/\/www.fceqyn.unam.edu.ar\/mti\/index.php?rest_route=%2Fwp%2Fv2%2Fcomments&post=4848"}],"version-history":[{"count":6,"href":"https:\/\/www.fceqyn.unam.edu.ar\/mti\/index.php?rest_route=\/wp\/v2\/pages\/4848\/revisions"}],"predecessor-version":[{"id":5071,"href":"https:\/\/www.fceqyn.unam.edu.ar\/mti\/index.php?rest_route=\/wp\/v2\/pages\/4848\/revisions\/5071"}],"wp:attachment":[{"href":"https:\/\/www.fceqyn.unam.edu.ar\/mti\/index.php?rest_route=%2Fwp%2Fv2%2Fmedia&parent=4848"}],"curies":[{"name":"wp","href":"https:\/\/api.w.org\/{rel}","templated":true}]}}