{"id":52,"date":"2017-08-03T12:52:25","date_gmt":"2017-08-03T12:52:25","guid":{"rendered":"http:\/\/www.fceqyn.unam.edu.ar\/maestriaspyet\/?page_id=52"},"modified":"2019-02-28T19:04:17","modified_gmt":"2019-02-28T22:04:17","slug":"generalidades","status":"publish","type":"page","link":"https:\/\/www.fceqyn.unam.edu.ar\/maestriaspyet\/index.php\/generalidades\/","title":{"rendered":"Generalidades"},"content":{"rendered":"<table class=\"titulo\">\n<tbody>\n<tr>\n<th>\n<h4>Generalidades<\/h4>\n<\/th>\n<\/tr>\n<\/tbody>\n<\/table>\n<p><strong>T\u00edtulo: Mag\u00edster en Salud P\u00fablica y Enfermedades Transmisibles.<\/strong><\/p>\n<p><strong>Duraci\u00f3n:<\/strong> Dos a\u00f1os (4 cuatrimestres)<br \/>\n<strong>Total de horas:<\/strong> 770 hs.<\/p>\n<ul>\n<li>Actividades te\u00f3ricas: 445 horas.<\/li>\n<li>Actividades pr\u00e1cticas: 325 horas.<\/li>\n<\/ul>\n<p><strong>Modalidad:<\/strong> Presencial (viernes y s\u00e1bados quincenalmente)<\/p>\n<p><strong>Requisitos de admisi\u00f3n:<\/strong> T\u00edtulo universitario de grado, de 4 (cuatro) a\u00f1os o m\u00e1s.<br \/>\nPodr\u00e1n ingresar personas con t\u00edtulos de nivel superior no universitario, que por sus m\u00e9ritos intelectuales y cient\u00edficos sean admitidos como aspirantes por el Consejo Directivo, a propuesta del Comit\u00e9 Acad\u00e9mico de la Maestr\u00eda (Res. Consejo Superior N\u00b0 29\/04).<\/p>\n<p><strong>Cuerpo docente participante:<\/strong><\/p>\n<p>Docentes e investigadores en las tem\u00e1ticas que cubre la Maestr\u00eda, pertenecientes a las siguientes instituciones:<\/p>\n<ul>\n<li>Facultad de Ciencias Exactas, Qu\u00edmicas y Naturales\u00a0 (UNaM)<\/li>\n<li>Universidad &#8220;Miguel Hern\u00e1ndez&#8221; de Elche (Espa\u00f1a)<\/li>\n<li>Universidad de Valencia (Espa\u00f1a)<\/li>\n<li>UNOCHAPECO (Brasil)<\/li>\n<li>Universidad Nacional del Nordeste (UNNE)<\/li>\n<li>Universidad de Buenos Aires (UBA)<\/li>\n<li>Adm. Nac. de Lab. e Inst. de Salud (ANLIS)<\/li>\n<\/ul>\n","protected":false},"excerpt":{"rendered":"<p>Generalidades T\u00edtulo: Mag\u00edster en Salud P\u00fablica y Enfermedades Transmisibles. Duraci\u00f3n: Dos a\u00f1os (4 cuatrimestres) Total de horas: 770 hs. Actividades te\u00f3ricas: 445 horas. Actividades pr\u00e1cticas: 325 horas. Modalidad: Presencial (viernes y s\u00e1bados quincenalmente) Requisitos de admisi\u00f3n: T\u00edtulo universitario de grado, de 4 (cuatro) a\u00f1os o m\u00e1s. Podr\u00e1n ingresar personas con\u2026<\/p>\n<p> <a class=\"continue-reading-link\" href=\"https:\/\/www.fceqyn.unam.edu.ar\/maestriaspyet\/index.php\/generalidades\/\"><span>Continue reading<\/span><i class=\"crycon-right-dir\"><\/i><\/a><\/p>\n","protected":false},"author":1,"featured_media":0,"parent":0,"menu_order":0,"comment_status":"closed","ping_status":"closed","template":"","meta":[],"_links":{"self":[{"href":"https:\/\/www.fceqyn.unam.edu.ar\/maestriaspyet\/index.php\/wp-json\/wp\/v2\/pages\/52"}],"collection":[{"href":"https:\/\/www.fceqyn.unam.edu.ar\/maestriaspyet\/index.php\/wp-json\/wp\/v2\/pages"}],"about":[{"href":"https:\/\/www.fceqyn.unam.edu.ar\/maestriaspyet\/index.php\/wp-json\/wp\/v2\/types\/page"}],"author":[{"embeddable":true,"href":"https:\/\/www.fceqyn.unam.edu.ar\/maestriaspyet\/index.php\/wp-json\/wp\/v2\/users\/1"}],"replies":[{"embeddable":true,"href":"https:\/\/www.fceqyn.unam.edu.ar\/maestriaspyet\/index.php\/wp-json\/wp\/v2\/comments?post=52"}],"version-history":[{"count":14,"href":"https:\/\/www.fceqyn.unam.edu.ar\/maestriaspyet\/index.php\/wp-json\/wp\/v2\/pages\/52\/revisions"}],"predecessor-version":[{"id":374,"href":"https:\/\/www.fceqyn.unam.edu.ar\/maestriaspyet\/index.php\/wp-json\/wp\/v2\/pages\/52\/revisions\/374"}],"wp:attachment":[{"href":"https:\/\/www.fceqyn.unam.edu.ar\/maestriaspyet\/index.php\/wp-json\/wp\/v2\/media?parent=52"}],"curies":[{"name":"wp","href":"https:\/\/api.w.org\/{rel}","templated":true}]}}