{"id":433,"date":"2019-03-10T09:05:58","date_gmt":"2019-03-10T12:05:58","guid":{"rendered":"https:\/\/www.fceqyn.unam.edu.ar\/maestriaspyet\/?page_id=433"},"modified":"2021-10-04T18:17:48","modified_gmt":"2021-10-04T21:17:48","slug":"novedades-2","status":"publish","type":"page","link":"https:\/\/www.fceqyn.unam.edu.ar\/maestriaspyet\/index.php\/novedades-2\/","title":{"rendered":"Novedades"},"content":{"rendered":"\n<div class=\"wp-block-button\"><a class=\"wp-block-button__link has-luminous-vivid-orange-background-color has-background\" href=\"https:\/\/www.fceqyn.unam.edu.ar\/maestriaspyet\/index.php\/noticias\/\">Noticias<\/a><\/div>\n\n\n\n<div class=\"wp-block-button\"><a class=\"wp-block-button__link has-luminous-vivid-orange-background-color has-background\" href=\"Novedades\">Novedades<\/a><\/div>\n\n\n\n<p class=\"has-text-align-left\">El s\u00e1bado 2 de octubre se llev\u00f3 a cabo la \u00faltima reuni\u00f3n sincr\u00f3nica correspondiente a la asignatura &#8220;Control y vigilancia de enfermedades infecciosas de notificaci\u00f3n obligatoria&#8221;, con una presentaci\u00f3n realizada por el Dr. Jos\u00e9 Manuel Ramos Rinc\u00f3n (Htal. General de Alicante, Espa\u00f1a). Los maestrandos de la cohorte 2020-2021 emplearon el espacio final para preguntas abiertas sobre el sistema de notificaci\u00f3n de enfermedades infecciosas en Espa\u00f1a. Con esta actividad concluy\u00f3 el periodo de dictado de la asignatura, coordinada por el Mgter. Gustavo Silva y que cont\u00f3 con docentes destacados del orden local, nacional e internacional.<br>A lo largo de 10 encuentros complementados con actividades asincr\u00f3nicas se discutieron los conceptos de vigilancia y notificaci\u00f3n (Dr. Jorge Deschutter, MSP &#8211; UNaM); historia, presente y futuro de la vigilancia en Argentina (Mgter. Carlos Giovacchini, MSN); farmacovigilancia (Mgter. Jorge Bejar, MSP); efectos atribuidos a vacunaci\u00f3n (Estela Rivas, MSP); brotes alimentarios (Mgter. Alejandro Mart\u00ednez, UNaM); y descripci\u00f3n de sistemas y funcionamiento en Corrientes (Mgter. Gustavo Fern\u00e1ndez, MSP Corrientes) y Misiones (Dr. Jorge Guti\u00e9rrez, MSP).<\/p>\n\n\n\n<figure class=\"wp-block-image size-large\"><img loading=\"lazy\" width=\"1618\" height=\"939\" src=\"https:\/\/www.fceqyn.unam.edu.ar\/maestriaspyet\/wp-content\/uploads\/2021\/10\/foto-ramos-edited.png\" alt=\"\" class=\"wp-image-1319\" srcset=\"https:\/\/www.fceqyn.unam.edu.ar\/maestriaspyet\/wp-content\/uploads\/2021\/10\/foto-ramos-edited.png 1618w, https:\/\/www.fceqyn.unam.edu.ar\/maestriaspyet\/wp-content\/uploads\/2021\/10\/foto-ramos-edited-300x174.png 300w, https:\/\/www.fceqyn.unam.edu.ar\/maestriaspyet\/wp-content\/uploads\/2021\/10\/foto-ramos-edited-1024x594.png 1024w, https:\/\/www.fceqyn.unam.edu.ar\/maestriaspyet\/wp-content\/uploads\/2021\/10\/foto-ramos-edited-768x446.png 768w, https:\/\/www.fceqyn.unam.edu.ar\/maestriaspyet\/wp-content\/uploads\/2021\/10\/foto-ramos-edited-1536x891.png 1536w, https:\/\/www.fceqyn.unam.edu.ar\/maestriaspyet\/wp-content\/uploads\/2021\/10\/foto-ramos-edited-150x87.png 150w\" sizes=\"(max-width: 1618px) 100vw, 1618px\" \/><\/figure>\n","protected":false},"excerpt":{"rendered":"<p>El s\u00e1bado 2 de octubre se llev\u00f3 a cabo la \u00faltima reuni\u00f3n sincr\u00f3nica correspondiente a la asignatura &#8220;Control y vigilancia de enfermedades infecciosas de notificaci\u00f3n obligatoria&#8221;, con una presentaci\u00f3n realizada por el Dr. Jos\u00e9 Manuel Ramos Rinc\u00f3n (Htal. General de Alicante, Espa\u00f1a). Los maestrandos de la cohorte 2020-2021 emplearon el\u2026<\/p>\n<p> <a class=\"continue-reading-link\" href=\"https:\/\/www.fceqyn.unam.edu.ar\/maestriaspyet\/index.php\/novedades-2\/\"><span>Continue reading<\/span><i class=\"crycon-right-dir\"><\/i><\/a><\/p>\n","protected":false},"author":2,"featured_media":0,"parent":0,"menu_order":0,"comment_status":"closed","ping_status":"closed","template":"","meta":[],"_links":{"self":[{"href":"https:\/\/www.fceqyn.unam.edu.ar\/maestriaspyet\/index.php\/wp-json\/wp\/v2\/pages\/433"}],"collection":[{"href":"https:\/\/www.fceqyn.unam.edu.ar\/maestriaspyet\/index.php\/wp-json\/wp\/v2\/pages"}],"about":[{"href":"https:\/\/www.fceqyn.unam.edu.ar\/maestriaspyet\/index.php\/wp-json\/wp\/v2\/types\/page"}],"author":[{"embeddable":true,"href":"https:\/\/www.fceqyn.unam.edu.ar\/maestriaspyet\/index.php\/wp-json\/wp\/v2\/users\/2"}],"replies":[{"embeddable":true,"href":"https:\/\/www.fceqyn.unam.edu.ar\/maestriaspyet\/index.php\/wp-json\/wp\/v2\/comments?post=433"}],"version-history":[{"count":3,"href":"https:\/\/www.fceqyn.unam.edu.ar\/maestriaspyet\/index.php\/wp-json\/wp\/v2\/pages\/433\/revisions"}],"predecessor-version":[{"id":1347,"href":"https:\/\/www.fceqyn.unam.edu.ar\/maestriaspyet\/index.php\/wp-json\/wp\/v2\/pages\/433\/revisions\/1347"}],"wp:attachment":[{"href":"https:\/\/www.fceqyn.unam.edu.ar\/maestriaspyet\/index.php\/wp-json\/wp\/v2\/media?parent=433"}],"curies":[{"name":"wp","href":"https:\/\/api.w.org\/{rel}","templated":true}]}}