{"id":4646,"date":"2020-10-14T16:18:19","date_gmt":"2020-10-14T16:18:19","guid":{"rendered":"https:\/\/www.fceqyn.unam.edu.ar\/eie\/?page_id=4646"},"modified":"2020-10-14T17:12:06","modified_gmt":"2020-10-14T17:12:06","slug":"admision","status":"publish","type":"page","link":"https:\/\/www.fceqyn.unam.edu.ar\/eie\/?page_id=4646","title":{"rendered":"Admisi\u00f3n"},"content":{"rendered":"<p>Podr\u00e1n solicitar la admisi\u00f3n a la Especializaci\u00f3n en Investigaci\u00f3n Educativa:<\/p>\n<ol>\n<li>Los egresados de Universidades Nacionales, provinciales p\u00fablicas o privadas que tengan t\u00edtulo de grado universitario reconocido por el Ministerio de Educaci\u00f3n y Cultura de la Naci\u00f3n.<\/li>\n<li>Los egresados con t\u00edtulo de grado de Universidades extranjeras debidamente reconocidas por las autoridades de su pa\u00eds, previa evaluaci\u00f3n de sus estudios y antecedentes por parte del Comit\u00e9 Acad\u00e9mico. La admisi\u00f3n del candidato no significa en ning\u00fan caso la rev\u00e1lida del t\u00edtulo.<\/li>\n<li>Egresados de carreras docentes de nivel superior de cuatro a\u00f1os de duraci\u00f3n, que re\u00fanan los requisitos que fije oportunamente el Comit\u00e9 Acad\u00e9mico, respetando lo establecido en el art. 39 bis de la \u201cLey de Educaci\u00f3n Superior\u201d.<\/li>\n<\/ol>\n","protected":false},"excerpt":{"rendered":"<p>Podr\u00e1n solicitar la admisi\u00f3n a la Especializaci\u00f3n en Investigaci\u00f3n Educativa: Los egresados de Universidades Nacionales, provinciales p\u00fablicas o privadas que\u2026<\/p>\n<p> <a class=\"continue-reading-link\" href=\"https:\/\/www.fceqyn.unam.edu.ar\/eie\/?page_id=4646\"><span>Leer M\u00e1s<\/span><i class=\"crycon-right-dir\"><\/i><\/a> <\/p>\n","protected":false},"author":1,"featured_media":0,"parent":0,"menu_order":0,"comment_status":"closed","ping_status":"closed","template":"templates\/template-twocolumns-left.php","meta":[],"_links":{"self":[{"href":"https:\/\/www.fceqyn.unam.edu.ar\/eie\/index.php?rest_route=\/wp\/v2\/pages\/4646"}],"collection":[{"href":"https:\/\/www.fceqyn.unam.edu.ar\/eie\/index.php?rest_route=\/wp\/v2\/pages"}],"about":[{"href":"https:\/\/www.fceqyn.unam.edu.ar\/eie\/index.php?rest_route=\/wp\/v2\/types\/page"}],"author":[{"embeddable":true,"href":"https:\/\/www.fceqyn.unam.edu.ar\/eie\/index.php?rest_route=\/wp\/v2\/users\/1"}],"replies":[{"embeddable":true,"href":"https:\/\/www.fceqyn.unam.edu.ar\/eie\/index.php?rest_route=%2Fwp%2Fv2%2Fcomments&post=4646"}],"version-history":[{"count":2,"href":"https:\/\/www.fceqyn.unam.edu.ar\/eie\/index.php?rest_route=\/wp\/v2\/pages\/4646\/revisions"}],"predecessor-version":[{"id":4653,"href":"https:\/\/www.fceqyn.unam.edu.ar\/eie\/index.php?rest_route=\/wp\/v2\/pages\/4646\/revisions\/4653"}],"wp:attachment":[{"href":"https:\/\/www.fceqyn.unam.edu.ar\/eie\/index.php?rest_route=%2Fwp%2Fv2%2Fmedia&parent=4646"}],"curies":[{"name":"wp","href":"https:\/\/api.w.org\/{rel}","templated":true}]}}